rivative of -5/6*p**3 - 1/12*p**4 + 4*p**2 + 0*p + 0. Let f be (-4)/((-1)/(-3 + 2)). What is c(f)?
3
Let k(g) be the first derivative of -g**3/3 - 3*g**2 - 4*g - 16. Calculate k(-4).
4
Suppose 3*l - 3 = 3*q, -3*l - 2*q + 8 = -0*l. Let o(i) be the first derivative of 4*i - 1/3*i**3 + 4 + 5/2*i**l. Determine o(5).
4
Suppose v = 4*q + 18, 4*q + 4 = -v - 10. Let z be 140/63 + 4/(-18). Let i(s) = z*s - 2 + 3*s**2 - 8*s - 4*s**v. Calculate i(-4).
6
Suppose 4*i - 12 = -0. Suppose 5*b - 26 = l - 3*l, -4 = -b. Let a(d) = -7*d + 2*d - 3 + 6 - d**2 + d**l. What is a(i)?
6
Let d(c) = -2*c - 5. Let i(n) = -n. Let o(j) = -d(j) + 3*i(j). Let z(v) = 1 - 7 + 0*v - 2*v + 3*v. Let k(r) = -6*o(r) - 5*z(r). Give k(-2).
-2
Let r(c) = -c**2 - c + 4. Let i be r(0). Let w(s) = i*s + 10 - 2*s - s - s**2 - 6. What is w(-3)?
-8
Let j(l) = -l**3 + 5*l**2 - 3*l - 4. Suppose -a + 2*a - 3 = -3*y, a + 2*y - 5 = 0. Suppose v = 4*v - a. What is j(v)?
5
Let u(v) be the third derivative of v**5/60 + v**4/6 - v**3/3 - 5*v**2. Give u(-5).
3
Let z = 71 - 75. Let l(i) = 2*i + 3. Determine l(z).
-5
Let h(w) = -4*w + 4*w - 1 + 0*w + w. Let d(i) = -6*i + i**2 + 0 + 12 - 2. Let c(s) = d(s) + 6*h(s). What is c(0)?
4
Let w(d) = -d**3 + 11*d**2 + 8. Let u be w(11). Suppose -2*l - 2*x - 3 = 3, -2*l - x = u. Let s(z) = -z**3 - 5*z**2 - 3*z - 7. Calculate s(l).
8
Let f(o) = 3*o + o**2 + 0*o**2 + 3*o**3 - 4*o**3 + 4. Let g(p) = -p**3 - 9*p**2 - 13*p - 11. Let y be g(-8). Let t = y - 26. Calculate f(t).
-5
Let c(r) = -12*r. Let y = -82 + 83. What is c(y)?
-12
Let q(w) = 5*w**2 + 8*w - 5. Let a(y) = 6*y**2 + 9*y - 6. Let k(b) = -6*a(b) + 7*q(b). Give k(4).
-7
Let a(z) = -3*z + 11*z**2 + 5*z - 2*z. Suppose 4*f - 2 = 4*s - 18, 3*f = -5*s + 12. What is a(f)?
11
Let v(a) = 2*a**2 - 4*a - 7. Let g(n) = -n**2 + 2*n + 4. Let m(b) = -7*g(b) - 3*v(b). Determine m(5).
8
Let q(o) = 11*o**2 - 4*o - 12. Let u(x) = -7*x**2 + 3*x + 8. Let c(k) = -5*q(k) - 8*u(k). Determine c(3).
-7
Let t(u) = u**2 + 2*u - 3. Let o(f) = -f**3 - 6*f**2 + 6*f + 33. Let c be o(-6). Calculate t(c).
0
Let a(h) be the first derivative of -h**4/4 + h**3/3 - h**2/2 + 3*h + 8. Let p be 0 - 1/1*0. Give a(p).
3
Suppose -6*c = -2*c + 60. Let r be (-66)/c + 3/5. Let v(i) be the third derivative of -i**5/60 + 5*i**4/24 + i**3/6 - 2*i**2. Give v(r).
1
Suppose -6*v + 39 = -3*v. Suppose 27 + v = 5*c. Let d be ((-6)/4)/(6/c). Let k(x) = -x**3 - 3*x**2 - 4*x - 3. Give k(d).
1
Let r(q) = q**2 + 6*q + 7. Let i be r(-5). Let y(t) = 2*t**i - 2*t**2 - 7*t - 5 - t**2. Suppose h - 5*h = 20. What is y(h)?
5
Suppose o - 4 = 4*a, 3*o + 2*a - 34 = -o. Let z(c) = -c**2 + 7*c - 5. Give z(o).
-13
Let w(f) = -2*f**2 + 2*f + 3. Let m be 2*1/(-2)*-4. Let g be (m + 1)*(-12)/30. What is w(g)?
-9
Let t(a) = a**2 - 1. Let c = 6 + -3. Let z(j) = -4*j**2 + 4*j + 10. Let o(u) = c*t(u) + z(u). Suppose 0 = -5*d + 2*y + 26, -2*y = -3 - 1. Give o(d).
-5
Let y(d) be the third derivative of -d**4/24 - d**3 + 2*d**2. Let l be y(-4). Let t(o) be the second derivative of -o**3/6 - o**2/2 - o. What is t(l)?
1
Let c(b) be the second derivative of 7/6*b**3 - 1/12*b**4 + 0 - 3*b**2 + 2*b. Calculate c(4).
6
Let s(q) be the third derivative of q**6/120 - q**5/10 - 7*q**4/24 + 4*q**3/3 - 13*q**2. Calculate s(7).
8
Let n(p) be the first derivative of -5*p**2/2 - p - 1. Let t = -5 - -7. Suppose -j + t*d = 11, -3*d + 7 + 4 = 4*j. Give n(j).
4
Let z(k) = k**3 - 2*k**2 - k - 2. Suppose 6*q - q - 9 = 2*x, -2*x = 5*q - 21. Determine z(q).
4
Let s(c) = c**3 - 5*c**2 - 5*c - 1. Suppose 2*u = 7*u - 30. What is s(u)?
5
Let r(q) be the second derivative of -5*q**3/6 - 3*q**2 - q - 5. Determine r(-7).
29
Let a be ((-8)/20)/(3/15). Let u(s) be the third derivative of 0 + 0*s + 1/8*s**4 - 2*s**2 + 1/6*s**3. Give u(a).
-5
Suppose 2*j = 6*j. Suppose -4*v + v = j. Let b(g) = -g**2 + 8. Let d(w) = w**2 - 7. Let q(i) = 5*b(i) + 6*d(i). What is q(v)?
-2
Let z(o) = o**3 + o**2 - 2*o + 1. Suppose -4*w + 3*i = -2, -3*w - 2*i + 12 = i. Determine z(w).
9
Let v(s) be the second derivative of 0 - 5*s - 3/2*s**2 + 2/3*s**3 + 1/20*s**5 - 1/3*s**4. Let x be 1/2*(6 - 2). What is v(x)?
-3
Let d(b) be the first derivative of b**4/4 + 5*b**3/3 + 3*b**2 + b + 3. Give d(-4).
-7
Let c(s) = 3 - 2*s - 3 - 12 + 3*s. Let p(o) = 2*o - 1. Let n be p(3). Determine c(n).
-7
Let n(s) = 0*s**3 - 3 - 2*s + 0 - s**2 - s**3. Let o be 1/3 + 3015/27. Let y be 6/14 + (-272)/o. Calculate n(y).
5
Let r = 2 - 6. Let f(a) = -a**2 + 1. Let n(y) = 5*y - 1. Let u(h) = -f(h) + n(h). Determine u(r).
-6
Let v(n) = 11*n**3 + 16*n**2 - 18*n - 7. Let i(k) = 5*k**3 + 8*k**2 - 9*k - 3. Let t(z) = 13*i(z) - 6*v(z). What is t(7)?
-11
Let l(s) = -2*s + 4. Let f(g) = -4*g**2 - 2*g - 1. Let p be f(-1). Give l(p).
10
Let v(q) be the first derivative of -q**3/3 - q**2 + 2*q - 2. Let p be (-56)/10 - 2/5. Let b = -9 - p. What is v(b)?
-1
Let k(a) be the first derivative of -a**2/2 + 10*a + 27. Let g = 21 - 14. Calculate k(g).
3
Let h(b) = b**2 - 6*b + 1. Let r(n) = n**2 - 5*n - 2. Let i be r(6). Determine h(i).
-7
Let d(a) = -2*a**2 - 9*a - 2. Let n(h) = -h**2 - 5*h - 1. Let p(x) = 4*d(x) - 7*n(x). Let m be (-86)/(-4) + (-2)/(-4). Let g be (-4)/22 + 48/m. What is p(g)?
-7
Let y(j) = 3*j - 1. Let q(t) = 4*t - 1. Let k(z) = -5*q(z) + 4*y(z). Let b = -4 + 8. Let h = b - 5. What is k(h)?
9
Suppose -d = -d - d. Let r(c) = -c**3 + c**2 + c. Determine r(d).
0
Let d(l) be the third derivative of 0 + 2*l**2 + 1/12*l**4 + 0*l + 1/3*l**3 + 1/20*l**5 - 1/120*l**6. Determine d(4).
-6
Let l = 2 + -5. Let k(a) be the second derivative of a**5/60 + a**4/24 - 2*a**3/3 + a**2 - a. Let m(g) be the first derivative of k(g). Determine m(l).
2
Suppose -3*b = -b - 6. Let g(w) = -6*w + 11. Let h be g(-8). Let c(m) = -h - 2*m + 59. Give c(b).
-6
Let l(r) = r**2. Let y(d) = -d**3 + 2*d**2 - 1. Let m(j) = 4*l(j) + y(j). Calculate m(6).
-1
Let t(y) = 3 - 2 + y - 5. Calculate t(5).
1
Let g(k) be the second derivative of -k**4/24 - 5*k**3/6 + 2*k**2 - k. Let f(c) be the first derivative of g(c). Give f(0).
-5
Let s(d) = -6. Let j(a) = -a + 1. Let k(o) = -2*j(o) - s(o). Calculate k(-5).
-6
Let h(i) = i**3 + 4*i**2 - 5*i + 4. Let f be h(-5). Suppose 2*z - 3*z = -f. Let y(s) = s**3 - 3*s**2 - 3*s + 6. Calculate y(z).
10
Suppose 6*l - 12*l - 42 = 0. Let v(q) = q**2 + 5*q - 9. What is v(l)?
5
Let g be (-12)/(-7) - (-14)/49. Let c(q) = 1 + 3 - q**g - 3. Give c(-3).
-8
Suppose b - 8 + 2 = g, 3*b + 6 = -5*g. Suppose -5*m = -0*m, -b*y = -m + 3. Let q(w) = 16*w**3 + w**2 + 2*w + 1. Calculate q(y).
-16
Let q(d) be the third derivative of d**9/60480 + d**8/4032 + d**7/840 + d**6/240 + d**5/20 - 2*d**2. Let s(y) be the third derivative of q(y). Give s(-4).
-5
Let m(z) = -z**3 + z**2 + 4*z - 3. Let y be m(2). Let u(i) = -i**3 - i**2 - 1. Let d be u(-2). Let a(g) = -4*g**d - 2*g**3 - g**3 - g**2. Give a(y).
-8
Let h(s) be the first derivative of 2/3*s**3 - 1/4*s**4 + 1/2*s**2 + 3*s - 1. Suppose 5 = 6*g - 13. What is h(g)?
-3
Let b(k) = -k - 6. Let z be b(-5). Let i(q) = 8*q**2 + 4 - 3 - 2. Calculate i(z).
7
Suppose -4*u - 3*g = -u + 18, g = -2*u - 7. Let s = -2 - u. Let y(m) be the first derivative of 3*m**4/2 - 2*m**3/3 - m**2 - m + 14. Determine y(s).
-7
Let c(l) = 3*l**2. Let j(v) = v - 2. Let n be j(7). Let m = n - 4. Determine c(m).
3
Let p = -18 + 24. Let y(n) = -n**2 + 8*n - 3. Determine y(p).
9
Let l(a) = a**3 + 4*a**2 + 2*a + 1. Let v be 6/(-10) + 28/5. Let g(o) = o - 9. Let x be g(v). Give l(x).
-7
Suppose 2*h = -3*h - 20. Let o = -6 - h. Let v(w) = -4*w - 3. What is v(o)?
5
Let d(m) = m**3 - 5*m**2 - 10. Let u(l) = -l**3 + 5*l**2 + 11. Let h(c) = 7*d(c) + 6*u(c). Suppose 0 = 2*s + s - 15. What is h(s)?
-4
Suppose 2*s - 40 = -2*s. Suppose s = -3*p - 2*p. Let o(d) be the second derivative of -5*d**3/6 - 3*d**2/2 + d. Determine o(p).
7
Let l(s) = 4 - 2*s - 3*s + 0 - 6. Let a(x) = -x**2 - 2*x + 6. Let v be a(-5). Let i be 4/(-3)*v/(-6). Determine l(i).
8
Suppose 2*c = 2*t - 10, -c + 0*t = t - 5. Let g(r) = -r**3 - r**2 + 10. What is g(c)?
10
Suppose -5*c = 14 + 11. Let m(s) = -s**3 - 4*s**2 + s + 3. Give m(c).
23
Let j(q) be the third derivative of -q**5/60 + q**4/24 + 13*q**3/6 + 10*q**2. Give j(0).
13
Let v be 4*(-63)/28 - 4/(-2). Let b(j) = -j**3 - 7*j**2 - 4. Give b(v).
-4
Let f(s) = 9 - 3*s